?
True
Is 142721851 composite?
True
Is 8282497 a composite number?
False
Is 1482121 composite?
False
Is 3708421 a composite number?
False
Is 127413446 composite?
True
Is 23213159 prime?
False
Is 3881509 a prime number?
True
Is 11016767 a composite number?
True
Is 82740107 prime?
False
Is 49944061 a composite number?
True
Is 5186611 a composite number?
True
Is 8019811 a prime number?
False
Is 134416477 a prime number?
False
Is 32279878 prime?
False
Is 193967733 a prime number?
False
Is 548738507 a prime number?
False
Is 2698361 a prime number?
False
Is 16874527 a prime number?
False
Is 402443 a composite number?
False
Is 223995217 prime?
False
Is 114088913 a composite number?
True
Is 215454197 a composite number?
True
Is 192519817 a composite number?
True
Is 76857629 prime?
False
Is 2600902 prime?
False
Is 19407043 a composite number?
False
Is 1288883 a composite number?
True
Is 6775733 a composite number?
False
Is 82918343 a composite number?
False
Is 2770571 a composite number?
False
Is 2878537 composite?
False
Is 11477 composite?
True
Is 822977 a composite number?
True
Is 78419161 prime?
False
Is 8971471 a composite number?
False
Is 8743139 a prime number?
True
Is 3502819 a composite number?
True
Is 3719869 prime?
False
Is 2920859 a composite number?
True
Is 7633393 prime?
True
Is 84367691 composite?
False
Is 10607519 a prime number?
False
Is 16292435 a prime number?
False
Is 23463647 a composite number?
False
Is 121450513 prime?
True
Is 36710159 a prime number?
True
Is 39551713 prime?
True
Is 5467951 a prime number?
False
Is 3380303 a composite number?
True
Is 493523 a composite number?
False
Is 65679317 prime?
False
Is 606959 prime?
True
Is 15386087 a prime number?
True
Is 1165345 a prime number?
False
Is 1063229 composite?
True
Is 26976557 a composite number?
False
Is 5059697 a prime number?
True
Is 1455301 a composite number?
False
Is 98102227 prime?
True
Is 278541833 a composite number?
True
Is 97610449 a prime number?
False
Is 72789383 a prime number?
True
Is 1389911 composite?
False
Is 54943693 prime?
False
Is 45989921 a prime number?
False
Is 19916461 composite?
False
Is 731437 composite?
True
Is 5894947 a composite number?
False
Is 28852273 composite?
False
Is 319949999 composite?
False
Is 2181631 a composite number?
True
Is 82910783 composite?
False
Is 18634369 prime?
False
Is 11715661 a composite number?
False
Is 527771 composite?
True
Is 6270427 composite?
True
Is 136074877 prime?
False
Is 1322278 a composite number?
True
Is 80891999 prime?
True
Is 11816647 prime?
True
Is 986239 a prime number?
True
Is 12488699 prime?
False
Is 81178529 a prime number?
True
Is 1192519 a composite number?
True
Is 6771589 composite?
True
Is 47089483 a composite number?
True
Is 12060379 a prime number?
False
Is 44054267 prime?
True
Is 19951709 prime?
True
Is 28508629 a prime number?
True
Is 11924579 a prime number?
False
Is 339115719 composite?
True
Is 24817799 a prime number?
True
Is 1656199 prime?
True
Is 149518283 composite?
False
Is 77169947 composite?
False
Is 443909 a prime number?
True
Is 40696979 a prime number?
True
Is 193615469 a prime number?
False
Is 25295087 prime?
False
Is 274179427 a prime number?
False
Is 346924127 a composite number?
True
Is 1191823 a composite number?
True
Is 8019355 composite?
True
Is 10664503 prime?
True
Is 35022902 composite?
True
Is 4218898 a prime number?
False
Is 5410429 composite?
True
Is 384287 composite?
False
Is 1781479257 a composite number?
True
Is 67498321 composite?
True
Is 37371667 composite?
False
Is 93721645 a prime number?
False
Is 22404471 composite?
True
Is 385876547 prime?
False
Is 2267429 a composite number?
True
Is 557231 prime?
False
Is 6977891 composite?
False
Is 6285107 a prime number?
True
Is 98315267 prime?
False
Is 57599441 prime?
True
Is 3297731 a prime number?
True
Is 45708991 a prime number?
True
Is 318565583 a prime number?
False
Is 6579509 a composite number?
True
Is 38060333 composite?
True
Is 72784379 prime?
True
Is 15277049 prime?
False
Is 244746781 prime?
True
Is 509961 composite?
True
Is 360011 prime?
False
Is 69598019 prime?
True
Is 97246079 a composite number?
True
Is 17284123 a composite number?
False
Is 11803637 prime?
True
Is 1223767 composite?
False
Is 48143323 a composite number?
True
Is 98864207 a prime number?
False
Is 16673947 a prime number?
False
Is 171552737 a composite number?
False
Is 463949 composite?
False
Is 6117581 composite?
False
Is 9131089 a prime number?
False
Is 2681279 a prime number?
False
Is 818621 composite?
False
Is 22699123 a composite number?
False
Is 7205167 prime?
True
Is 16532507 a prime number?
True
Is 24151123 a composite number?
True
Is 2310277 a prime number?
True
Is 339923 a composite number?
True
Is 2893781 composite?
True
Is 1270007 a prime number?
False
Is 9787501 prime?
True
Is 556531 prime?
False
Is 1374865 a composite number?
True
Is 95350769 prime?
True
Is 6004619 a prime number?
False
Is 53174687 composite?
True
Is 106228345 a composite number?
True
Is 13804237 prime?
True
Is 4184119 prime?
True
Is 162515747 prime?
True
Is 3216197 a composite number?
False
Is 102969991 a prime number?
True
Is 1173896723 composite?
False
Is 78644649 composite?
True
Is 735949 composite?
False
Is 60625933 a composite number?
True
Is 12821239 prime?
False
Is 430913 a composite number?
True
Is 161592589 a composite number?
False
Is 5749201 composite?
False
Is 5824439 a composite number?
True
Is 132574949 a composite number?
True
Is 7365563 composite?
False
Is 605982889 a prime number?
True
Is 112878949 composite?
False
Is 2812429 a prime number?
False
Is 2981323 prime?
True
Is 9633359 a composite number?
True
Is 514768461 prime?
False
Is 21348953 a prime number?
True
Is 4727017 composite?
True
Is 103068026 composite?
True
Is 11503993 composite?
False
Is 20125193 composite?
True
Is 92014658 a prime number?
False
Is 2963039 prime?
False
Is 321861773 prime?
False
Is 50330107 a composite number?
True
Is 11947927 composite?
True
Is 54001643 prime?
True
Is 4038949 composite?
False
Is 10998005 a prime number?
False
Is 174733 a prime number?
False
Is 1544981 a composite number?
True
Is 4460051 a prime number?
False
Is 40965839 a composite number?
False
Is 9333451 prime?
False
Is 1968814 a composite number?
True
Is 43834283 composite?
True
Is 719483 a prime number?
True
Is 67315333 prime?
True
Is 2881247 a prime number?
False
Is 1227937 a composite number?
True
Is 91770073 a prime number?
False
Is 73281471 composite?
True
Is 51809629 prime?
True
Is 233209166 prime?
False
Is 67034427 composite?
True
Is 17956217 a composite number?
False
Is 142381823 a prime number?
True
Is 4909241 a composite number?
False
Is 25166129 composite?
False
Is 1130351 composite?
False
Is 14224183 composite?
False
Is 1316773 a prime number?
False
Is 41879293 a composite number?
True
Is 79461411 a composite number?
True
Is 574369 a prime number?
False
Is 462783679 prime?
False
Is 28298909 a prime number?
True
Is 15070573 a prime number?
False
Is 1590311 a composite number?
False
Is 845717 prime?
True
Is 9467873 composite?
False
Is 7481794 composite?
True
Is 2290471 composite?
False
Is 649039 composite?
False
Is 685793 a prime number?
True
Is 42436501 a composite number?
False
Is 710519 composite?
False
Is 170090317 a composite number?
False
Is 229883 composite?
True
Is 316249459 a composite number?
False
Is 30007759 a prime number?
False
Is 84412677 a composite number?
True
Is 4197037 a composite number?
True
Is 7838267 composite?
True
Is 1557197 composite?
True
Is 36705943 a prime number?
True
Is 17398487 prime?
True
Is 384156859 a composite number?
False
Is 8517877 prime?
True
Is 130129429 prime?
False
Is 24332999 a composite number?
False
Is 27900427 a prime number?
True
Is 1826051 composite?
False
Is 3653129 composite?
False
Is 1880159 composite?
False
Is 292843 a composite number?
True
Is 52139291 prime?
True
Is 18145567 a composite number?
True
Is 9001007 a prime number?
False
Is 20365969 composite?
True
Is 210514979 composite?
False
Is 21220618 prime?
False
Is 4949131 prime?
False
Is 8986841 a composite number?
False
Is 33507079 a prime number?
True
Is 7372073 prime?
False
Is 6569737 prime?
False
Is 131787911 a prime number?
False
Is 434627 composite?
True
Is 263917897 a comp